 - (13 + -3 + 14)?
-16
What is -1 + -5 + -1 + (-32 - (-125 + 55))?
31
Evaluate 10 - (-36 + 10 + 0 + -11 - (-4 - 5)).
38
What is 1 - ((6 - -7) + -7 + -6 + 2) - 20?
-21
Evaluate (13 - 6) + -26 + 63.
44
Evaluate -3 - 2 - (5 + -7 - 8) - (-6 + -5).
16
Calculate 0 - -110 - (-12 + -67 - -68) - 22.
99
Evaluate (-25 - -24) + (-237 - -251).
13
What is -1 + -56 + 69 + -198 + 133?
-53
Calculate 70 - (50 + -144 + 89 + (10 - (-1 + 2))).
66
-5 + -47 - (-201 + 149)
0
What is 13 - ((14 - (12 - -4)) + (-2 - 1))?
18
Calculate -39 - (-3 - 41) - ((-42 - 0) + (0 - 1)).
48
Calculate (0 - -31 - (59 + -40)) + 38.
50
Evaluate 61 + 7 + (-72 - -19).
15
What is 238 + -19 + -180 - (1 + 14)?
24
(23 - -11 - 7) + (-52 - -43)
18
What is the value of -15 + (-4 - -3) - (-1 + -5 + (154 - 157))?
-7
What is -124 - (-284 - (-114 - -20))?
66
What is the value of 0 - (5 - -2) - (-1109 - -1045)?
57
(49 - (-31 - -43)) + -53
-16
Calculate 2 + 17 + -47 + 80 + 36.
88
What is (0 - 1 - -7) + (155 - 73 - (10 - -30))?
48
Calculate -60 + (79 - 30) + 25 + 1 + -1 + 2.
16
Evaluate -59 - (132 - 33) - (-3 - 18).
-137
Calculate 45 + -16 + (8 - (-26 - -13 - -8 - -1)).
41
Calculate 16 + 3 + -17 + 54 + -77.
-21
(0 + -2 - 1) + 673 + -683 - 31
-44
What is the value of 425 + -417 - (3 + -5 + 11)?
-1
Calculate (3 - 0) + -3 - -44 - (-15660 + 15674).
30
Evaluate -40 + (28 - -5) + -1 + 0 + 28.
20
3 - 2 - (4 + -7 + 15 - (4 - -50))
43
Evaluate (49 - 70) + (8 + -26 - -1) + 4.
-34
Evaluate -70 + -4 + (-2619 - -2757).
64
What is 734 - 696 - (15 + -3)?
26
Evaluate (-15 - 0) + 7 + (2 - -2) + 1.
-3
Evaluate 19 + (-20 - -16 - 30) + 44.
29
Evaluate (-4 - (-26 + 6 + 13)) + (8 - -5 - -100).
116
Evaluate (1 - -1 - 13) + (34 + -18 - 19).
-14
What is the value of (-48 - (-6 - 22)) + 0?
-20
What is 92 - (2 - (-13 - -10)) - (-269 - -244)?
112
Calculate 12 - (-9 + (-15 - (-10 + (17 - 9)))).
34
-145 - (-49 - (40 + 12))
-44
Calculate -23 - -43 - (-6 + (13 - -43)).
-30
59 - ((101 - 107) + 1 + 0 - -5) - 8
51
What is the value of -4 + 1 - (27 - ((11 - 10) + -8))?
-37
Evaluate 69 - (-21 - -51) - 38.
1
Evaluate (50 - (-42 + 28)) + 2 + -15 + 8 + 21.
80
What is (6 + 3 - -24 - 87) + -18 + 1?
-71
31 + (-14 - 8) + -24
-15
What is the value of (-59 - 50 - -58) + 1?
-50
185 - 173 - (-3 - (4 + (3 - 14)))
8
What is 15 - (16 - (46 + (-5 - -7 - -5)))?
52
What is -15 + (-9 - (-18 + 8 - -14) - -8)?
-20
What is the value of 53 + (-12 - 19) + -44?
-22
14 - (79 - 135 - -2)
68
What is the value of 19 + -57 + 76 - 32?
6
What is the value of 47 - (35 + 135 + -102)?
-21
Calculate -41 + (2 - (9 - (1 + (0 + -2 - -5)))).
-44
(-520 - -612) + (-46 - 3)
43
Evaluate 1 + -100 + -320 + 344.
-75
Calculate 13 + 45 + 3 - (-9 - 11 - -22).
59
Calculate -82 + 45 + -52 + 43.
-46
What is the value of -7 - -6 - -5 - (0 + (-27 - -35))?
-4
Calculate (-57 - -45) + 25 + 32.
45
28 + 122 + -84 - 79
-13
What is the value of 157 - -3 - (-92 - (-44 - 79))?
129
(0 - -2) + 107 + (-21 - (30 + -14 - 49))
121
-196 + (-65 + 116 - -67)
-78
(-3 - (-24 - -43 - (-20 + 15))) + 17
-10
What is 5 - -139 - (-4337 + 4587)?
-106
Calculate -132 + 145 + 1 + -46 + -20 + 26.
-26
Calculate 18 - (31 - 67 - -45).
9
Evaluate 1 + 0 + -125 + (-7301 - -7333).
-92
Calculate -16 - -4 - (-1135 - -1159 - (119 - 0)).
83
52 - (41 + -69 + 9)
71
What is (5 - -58) + (-296 - -184)?
-49
(39 - 31) + (-3 + 3 - (1 + 6) - 28)
-27
What is -11 + (101 - (139 - 75))?
26
Evaluate 6 + 7 + -26 + 1 - 13 - (4 - -1).
-30
-70 + (13 - -3) + (-8 - -7)
-55
Evaluate 35 - ((-49 + 12 - -53) + -47).
66
What is the value of 37 - (12 + (4 - 0) - 18)?
39
Evaluate (29 - 21 - (5 + 3)) + -11 - -32.
21
Evaluate 1 + -1 - 33 - (2716 - 2711).
-38
3 + 47 + 4 - 14
40
What is 14 - (34 + -5 + -7 + 9) - -4?
-13
-19 + 9 - (31 - 14 - 48)
21
Calculate (0 - 0) + 4 + (-158 - -164).
10
(-1 + -38 + -3 - -4) + (-400 - -405)
-33
What is the value of -5 + 15 + 6 + (-182 - -148) - -32?
14
What is (52 + -92 + 46 - (-5 + -1)) + 76?
88
Evaluate 41 + 34 + -20 + -22.
33
What is the value of -122 - ((-16 + 1 + 2 - (-51 - -36)) + -7)?
-117
What is the value of -28 - ((12 - -1) + (179 - 147))?
-73
What is -4 + 15 - ((25 - -26) + (2 - 8))?
-34
Calculate (12 - -1) + 8 + -10 - (-31 - 3) - -9.
54
Calculate (-3009 - -2924) + (46 - 0).
-39
Calculate -1 - (7 + -27 - -17) - (-11 + 1 + 64).
-52
(6 - (31 + 1)) + -62 + 59
-29
What is the value of 54 + (-84 - -14) + 89?
73
Evaluate -35 + (21 + -19 + 9 - 21).
-45
What is the value of 10 - (2 + (5 - 4) + -14) - 16?
5
-33 - (0 + -22) - 1 - (-13 - (-3 - -6))
4
10 + -6 + -1 + (18 - 20)
1
What is the value of 18 + (-37 - -5) - (10 - 11 - -4)?
-17
(-16809 - -16799) + (-2 + (5 - 2) - -9)
0
Calculate -37 - (50 - (-11 + 49)).
-49
Evaluate 28 - ((36 - (2 - -91)) + 26).
59
Calculate 18 - (-5 + 2 + 4 + (1172 - 1167)).
12
(44 + -62 - -30) + (1 - -43) - 13
43
Evaluate (1 + -4 - (-11 + 4 + 2)) + 9 + 40.
51
What is -11 + (0 - 6 - (-2 + 8) - -53)?
30
What is the value of (-1 - -5) + 3 + (-25 - -15 - 0) + 84?
81
Calculate 0 - -1 - (-30 + 100 + -57).
-12
Evaluate 72 + (32 - (-70 - -132)).
42
What is -27 + 12 + 15 - (-7 + 3 + -3)?
7
What is the value of -5 - (8 + -3 - ((-25 - -14 - -4) + 12))?
-5
Evaluate 1 - -5 - -3 - (11 + -13 + -7).
18
(-19 - (-14 - (10 - -18))) + -3
20
Evaluate -60 + (-2 + 0 - -3) - (17 + (-139 - -126)).
-63
4 - ((-14 - -25) + -46)
39
What is the value of -3 - (-9 - (32 - (-2 + 29 + -5)))?
16
What is the value of -2 - (-148 - 1) - (20338 - 20319)?
128
Calculate 4 + 17 + (-98 - -118) - (-2 - (5 - -3)).
51
Calculate -41 + 40 + (22 - -11 - 14) - 42.
-24
What is -17 + 1 + 14 + -9 - (40 + -16 - 67)?
32
Calculate (-50 - -23) + 18 - -43.
34
Calculate -18 - (-3 + (0 + 10 - (-77 + 165))).
63
Evaluate (4 - -8) + -40 + 8 - (7 + -39).
12
What is 48 - (13 - 2) - 55?
-18
What is 7 + 2 + (5 - (32 + -65 - 6))?
53
Evaluate -7 - (-38 - (-6 - (-1 - 1) - (15 - 26))).
38
Calculate -35 - -46 - (-11 + 77).
-55
Calculate 3 + (-14 - (-26 + -9 - 0)).
24
What is the value of 409 + -475 - (-44 + (2 - -5))?
-29
What is the value of (798 - 816 - ((-3 - -2) + 14)) + -4?
-35
What is 16 - ((13 - 6) + 12 + -6)?
3
Calculate 60 + 15 - 119 - -31.
-13
What is the value of 5 + (9 + 2 + 2 - (25 - 19))?
12
What is the value of (17 - 52) + -43 - (-13 + -3)?
-62
Evaluate -59 + 10 - (0 - 9) - (15 - 9).
-46
-9 + (1 + 18 + (-5 - (5 + -1)) - 80)
-79
Evaluate -5 - (-38 - (-24 - (-22 + 11 + 0))).
20
Evaluate -41 + (-109 - -154) - 51.
-47
Evaluate (-30 - (-127 - -27)) + -17 + 23.
76
(35 - 45) + 81 + -152
-81
What is (9 - 21) + 6 + -44 - -19?
-31
What is the value of 40 + -5 + -73 + (-21 - -49)?
-10
Evaluate (-33 - -9) + -4 + (1 - -21) - 24.
-30
What is -42 - -55 - (-4 + (16 - 6) + -7)?
14
What is the value of (-2 - (-3 + 0) - 0) + -4 + (356 - 283)?
70
Calculate -64 - (-137 - (-73 + -12)).
-12
What is -143 + 57 + (23 - -5)?
-58
(0 - -28) + 13 + (-15 - 7) + 28
47
(9 + -10 - (-2 - 47)) + 12 + (6 - 17)
49
Evaluate (-33 - -16) + 35 - 48 - 15.
-45
What is the value of 58 + (295 + -166 - 30)?
157
Evaluate -1 + (0 - -1) + (-118 - -126) + 73.
81
Calculate -75 + 55 + (-12 - -10 - (5 - 41)).
14
What is -18 - (-7 - -5) - -7 - (-59 + 10)?
40
Calculate (8 - -2) + -76 + -33 + 92 + -39.
-46
What is 66 - (-50 + 82) - (0 + -14 + 2)?
46
Evaluate -62 + (-10 + 11 + 43 - 22).
-40
What is the value of (72 - 72) + 5 + 34?
39
What is (-3 - -1) + 13 - (10 + -33)?
34
What is (2 - (4 - 2) - (-14 + (-6 - -18))) + 42?
44
(2 - 26 - -6) + -206 + 226
2
Evaluate -15 - (-79 + 20) - 31.
13
Evaluate 0 + 72 - (124 + -98).
46
What is -5 + 1 + -103 + 106 + 2 - (-48 - 11)?
60
(-7 - -54 - 140) + 57
-36
What is the value of (-611 - -600) + 38 + 2?
29
Evaluate 5 - -2 - (-6 - -12 - (1 - 0)).
2
What is -53 - -2 - 0 - (88 + -45 + -28)?
-66
Evaluate -21 - ((40 - 95) + 82).
-48
18 + -11 + 17 + -18 + (-39 - 8)
-41
21 + -31 + -12 + 46 + -92
-68
Evaluate 61 + -69 - (-14 + 0) - (107 - (3 - -10)).
-88
-19 + (16 - 25) - (-35 - -36)
-29
4 + -46 + 54 - -24
36
What is the value of (-16 - 1 - (-772 - -729)) + 10?
36
Calculate -361 - -357 - ((1 - 2) + (-16 - -8)).
5
(-5 - 46 - -81) + -30
0
What is -10 + 26 - 35 - (6 + 97)?
-122
What is 4 + 1 + (-14 - -3) + (55 - (-15 + 19))?
45
What is the value of -2 + 1 + -56 + -3 + (-77 - 36) + 125?
-48
What is the value of (-2 + -66 - -4) + -13?
-77
Calculate 85 - (55 - 34) - 62.
2
-1 + -16 + -17 + -6